{"id":2280,"date":"2025-06-11T16:23:50","date_gmt":"2025-06-11T14:23:50","guid":{"rendered":"https:\/\/eno.team\/start\/?post_type=product&#038;p=2280"},"modified":"2025-07-15T09:16:01","modified_gmt":"2025-07-15T07:16:01","slug":"digitale-kompetenz-test-digcompcheck","status":"publish","type":"product","link":"https:\/\/eno.team\/start\/produkt\/digitale-kompetenz-test-digcompcheck\/","title":{"rendered":"DigCompCheck &#8211; digitale Kompetenz testen"},"content":{"rendered":"<article class=\"text-token-text-primary w-full\" dir=\"auto\" data-testid=\"conversation-turn-2\" data-scroll-anchor=\"false\">\n<div class=\"text-base my-auto mx-auto py-5 [--thread-content-margin:--spacing(4)] @[37rem]:[--thread-content-margin:--spacing(6)] @[72rem]:[--thread-content-margin:--spacing(16)] px-(--thread-content-margin)\">\n<div class=\"[--thread-content-max-width:32rem] @[34rem]:[--thread-content-max-width:40rem] @[64rem]:[--thread-content-max-width:48rem] mx-auto flex max-w-(--thread-content-max-width) flex-1 text-base gap-4 md:gap-5 lg:gap-6 group\/turn-messages focus-visible:outline-hidden\" tabindex=\"-1\">\n<div class=\"group\/conversation-turn relative flex w-full min-w-0 flex-col agent-turn\">\n<div class=\"relative flex-col gap-1 md:gap-3\">\n<div class=\"flex max-w-full flex-col grow\">\n<div class=\"min-h-8 text-message relative flex w-full flex-col items-end gap-2 text-start break-words whitespace-normal [.text-message+&amp;]:mt-5\" dir=\"auto\" data-message-author-role=\"assistant\" data-message-id=\"81f66c83-76f4-4d35-83d1-347617f3899a\" data-message-model-slug=\"gpt-4o\">\n<div class=\"flex w-full flex-col gap-1 empty:hidden first:pt-[3px]\">\n<div class=\"markdown prose dark:prose-invert w-full break-words dark\">\n<h2><strong>DigCompCheck des S\u00e4chsischen Unternehmerstammtisch e.V. \u2013 Ihre digitale Kompetenz professionell und messbar einsch\u00e4tzen<\/strong><\/h2>\n<p>In einer zunehmend digitalisierten Arbeitswelt ist es entscheidend zu wissen, <strong>wie ausgepr\u00e4gt die eigenen digitalen Kompetenzen wirklich sind<\/strong>. Der <strong>DigCompCheck des S\u00e4chsischen Unternehmerstammtisch e.V.\u00a0 in Zusammenarbeit <\/strong>mit der gepedu GmbH\u00a0bietet eine wissenschaftlich fundierte, objektive und praxisorientierte M\u00f6glichkeit, digitale F\u00e4higkeiten auf Basis des europ\u00e4ischen Referenzrahmens <strong>DigComp <\/strong>zu analysieren.<\/p>\n<h2>Was ist der DigCompCheck?<\/h2>\n<p>Der DigCompCheck ist ein professionelles Diagnosetool, das die digitalen Kompetenzen von Mitarbeitenden aller Hierarchieebenen in f\u00fcnf zentralen Kompetenzbereichen erfasst:<\/p>\n<ol>\n<li>Informations- und Datenkompetenz<\/li>\n<li>Kommunikation und Zusammenarbeit<\/li>\n<li>Erstellung digitaler Inhalte<\/li>\n<li>Sicherheit im digitalen Raum<\/li>\n<li>Probleml\u00f6sung und digitales Lernen<\/li>\n<\/ol>\n<p>Die Auswertung erfolgt auf Grundlage standardisierter Verfahren mit hoher <strong>Validit\u00e4t und Reliabilit\u00e4t<\/strong>. Das Ergebnis ist ein <strong>detailliertes Kompetenzprofil<\/strong>, erg\u00e4nzt durch ein <strong>Gutachten<\/strong>, das die digitale Handlungskompetenz klar und verst\u00e4ndlich abbildet.<\/p>\n<h2>Nutzen f\u00fcr Mitarbeitende und Unternehmen<\/h2>\n<ul>\n<li><strong>F\u00fcr Mitarbeitende<\/strong>: Sie erhalten ein objektives Feedback \u00fcber Ihre digitalen F\u00e4higkeiten, das nicht nur zur Selbsteinsch\u00e4tzung dient, sondern auch <strong>als Anhang im Lebenslauf<\/strong> oder <strong>in Bewerbungsprozessen<\/strong> einen professionellen Eindruck hinterl\u00e4sst.<\/li>\n<li><strong>F\u00fcr Arbeitgeber<\/strong>: Der DigCompCheck schafft Transparenz \u00fcber den digitalen Qualifizierungsstand Ihrer Belegschaft und liefert eine verl\u00e4ssliche Grundlage f\u00fcr <strong>zielgerichtete Weiterbildungsma\u00dfnahmen<\/strong> und <strong>Personalentwicklungsstrategien<\/strong>.<\/li>\n<\/ul>\n<p>Dar\u00fcber hinaus eignet sich das Gutachten optimal f\u00fcr <strong>Zielvereinbarungsgespr\u00e4che<\/strong>, <strong>die Personalakte<\/strong> und als Argumentationshilfe bei der <strong>F\u00f6rderung von Talenten<\/strong> im Unternehmen.<\/p>\n<h2>Gezielte F\u00f6rderung statt Gie\u00dfkanne<\/h2>\n<p>Die Ergebnisse des DigCompCheck erm\u00f6glichen eine <strong>differenzierte Ableitung von Weiterbildungspfaden<\/strong>, exakt abgestimmt auf individuelle oder teambezogene Entwicklungsfelder. So investieren Sie nur dort in Qualifizierung, wo es tats\u00e4chlich n\u00f6tig ist \u2013 effizient, wirtschaftlich und wirksam.<\/p>\n<\/div>\n<p>Lassen Sie sich von einem Mustergutachten \u00fcberzeugen: <a href=\"https:\/\/eno.team\/start\/wp-content\/uploads\/2025\/06\/Muster_DCC_Horizon-Consulting.pdf\" target=\"_blank\" rel=\"noopener\">Muster_DigCompCheck<\/a><\/p>\n<div class=\"markdown prose dark:prose-invert w-full break-words dark\">\n<hr \/>\n<h3><strong>Machen Sie digitale Kompetenz sichtbar. Schaffen Sie Entwicklungschancen mit System.<\/strong><br \/>\nFordern Sie jetzt den DigCompCheck <strong>des S\u00e4chsischen Unternehmerstammtisch e.V. <\/strong> an \u2013 f\u00fcr Ihre berufliche Zukunft oder die Ihrer Mitarbeitenden.<\/h3>\n<\/div>\n<\/div>\n<\/div>\n<\/div>\n<\/div>\n<\/div>\n<\/div>\n<\/div>\n<\/article>\n","protected":false},"excerpt":{"rendered":"<p>DigCompCheck<\/p>\n","protected":false},"featured_media":2300,"template":"","meta":[],"product_brand":[],"product_cat":[68],"product_tag":[],"class_list":{"0":"post-2280","1":"product","2":"type-product","3":"status-publish","4":"has-post-thumbnail","6":"product_cat-lizenzen","8":"first","9":"instock","10":"sale","11":"downloadable","12":"virtual","13":"purchasable","14":"product-type-simple"},"_links":{"self":[{"href":"https:\/\/eno.team\/start\/wp-json\/wp\/v2\/product\/2280","targetHints":{"allow":["GET"]}}],"collection":[{"href":"https:\/\/eno.team\/start\/wp-json\/wp\/v2\/product"}],"about":[{"href":"https:\/\/eno.team\/start\/wp-json\/wp\/v2\/types\/product"}],"wp:featuredmedia":[{"embeddable":true,"href":"https:\/\/eno.team\/start\/wp-json\/wp\/v2\/media\/2300"}],"wp:attachment":[{"href":"https:\/\/eno.team\/start\/wp-json\/wp\/v2\/media?parent=2280"}],"wp:term":[{"taxonomy":"product_brand","embeddable":true,"href":"https:\/\/eno.team\/start\/wp-json\/wp\/v2\/product_brand?post=2280"},{"taxonomy":"product_cat","embeddable":true,"href":"https:\/\/eno.team\/start\/wp-json\/wp\/v2\/product_cat?post=2280"},{"taxonomy":"product_tag","embeddable":true,"href":"https:\/\/eno.team\/start\/wp-json\/wp\/v2\/product_tag?post=2280"}],"curies":[{"name":"wp","href":"https:\/\/api.w.org\/{rel}","templated":true}]}}