{"id":110,"date":"2024-07-29T09:48:56","date_gmt":"2024-07-29T09:48:56","guid":{"rendered":"https:\/\/eno.team\/start\/?page_id=110"},"modified":"2024-09-24T11:29:29","modified_gmt":"2024-09-24T09:29:29","slug":"handwerk","status":"publish","type":"page","link":"https:\/\/eno.team\/start\/handwerk\/","title":{"rendered":"Handwerk"},"content":{"rendered":"\t\t<div data-elementor-type=\"wp-page\" data-elementor-id=\"110\" class=\"elementor elementor-110\" data-elementor-post-type=\"page\">\n\t\t\t\t<div class=\"elementor-element elementor-element-2695f62 e-flex e-con-boxed e-con e-parent\" data-id=\"2695f62\" data-element_type=\"container\" data-e-type=\"container\">\n\t\t\t\t\t<div class=\"e-con-inner\">\n\t\t<div class=\"elementor-element elementor-element-65ec9d3 e-flex e-con-boxed e-con e-child\" data-id=\"65ec9d3\" data-element_type=\"container\" data-e-type=\"container\">\n\t\t\t\t\t<div class=\"e-con-inner\">\n\t\t<div class=\"elementor-element elementor-element-7e78947 e-flex e-con-boxed e-con e-child\" data-id=\"7e78947\" data-element_type=\"container\" data-e-type=\"container\" data-settings=\"{&quot;background_background&quot;:&quot;classic&quot;}\">\n\t\t\t\t\t<div class=\"e-con-inner\">\n\t\t\t\t\t<\/div>\n\t\t\t\t<\/div>\n\t\t\t\t\t<\/div>\n\t\t\t\t<\/div>\n\t\t\t\t\t<\/div>\n\t\t\t\t<\/div>\n\t\t<div class=\"elementor-element elementor-element-d9bde46 e-flex e-con-boxed e-con e-parent\" data-id=\"d9bde46\" data-element_type=\"container\" data-e-type=\"container\">\n\t\t\t\t\t<div class=\"e-con-inner\">\n\t\t<div class=\"elementor-element elementor-element-15c0aa5 e-con-full e-flex e-con e-child\" data-id=\"15c0aa5\" data-element_type=\"container\" data-e-type=\"container\">\n\t\t\t\t<div class=\"elementor-element elementor-element-4586cd1 elementor-widget elementor-widget-text-editor\" data-id=\"4586cd1\" data-element_type=\"widget\" data-e-type=\"widget\" data-widget_type=\"text-editor.default\">\n\t\t\t\t<div class=\"elementor-widget-container\">\n\t\t\t\t\t\t\t\t\t<p class=\"p1\">Unser Expertenteam mit Vertreterinnen und Vertretern aus dem Bereich<\/p><ul><li class=\"p1\">Abbruch<\/li><li class=\"p1\">Abwasser<\/li><li class=\"p1\">Aufz\u00fcge<\/li><li class=\"p1\">Bauelemente<\/li><li class=\"p1\">Sanierung<\/li><li class=\"p1\">Dachdecker<\/li><li class=\"p1\">Elektrik<\/li><li class=\"p1\">Energieberatung<\/li><li class=\"p1\">Estrich<\/li><li class=\"p1\">Fenster und T\u00fcren<\/li><li class=\"p1\">Fliesen, Glas, Holz<\/li><li class=\"p1\">Kamin und Ofen<\/li><li class=\"p1\">L\u00fcftung<\/li><li class=\"p1\">Metall<\/li><li class=\"p1\">Solar und PV<\/li><li class=\"p1\">u.v.m.<\/li><\/ul><p>stehen f\u00fcr Ihre Belange zur Verf\u00fcgung. Nehmen Sie unverbindlich Kontakt auf.<\/p>\t\t\t\t\t\t\t\t<\/div>\n\t\t\t\t<\/div>\n\t\t\t\t<div class=\"elementor-element elementor-element-4137382 elementor-widget elementor-widget-button\" data-id=\"4137382\" data-element_type=\"widget\" data-e-type=\"widget\" data-widget_type=\"button.default\">\n\t\t\t\t<div class=\"elementor-widget-container\">\n\t\t\t\t\t\t\t\t\t<div class=\"elementor-button-wrapper\">\n\t\t\t\t\t<a class=\"elementor-button elementor-button-link elementor-size-sm\" href=\"https:\/\/eno.team\/start\/mitglied-werden\/\">\n\t\t\t\t\t\t<span class=\"elementor-button-content-wrapper\">\n\t\t\t\t\t\t\t\t\t<span class=\"elementor-button-text\">Kontakt<\/span>\n\t\t\t\t\t<\/span>\n\t\t\t\t\t<\/a>\n\t\t\t\t<\/div>\n\t\t\t\t\t\t\t\t<\/div>\n\t\t\t\t<\/div>\n\t\t\t\t<\/div>\n\t\t\t\t\t<\/div>\n\t\t\t\t<\/div>\n\t\t\t\t<\/div>\n\t\t","protected":false},"excerpt":{"rendered":"<p>Unser Expertenteam mit Vertreterinnen und Vertretern aus dem Bereich Abbruch Abwasser Aufz\u00fcge Bauelemente Sanierung Dachdecker Elektrik Energieberatung Estrich Fenster und T\u00fcren Fliesen, Glas, Holz Kamin und Ofen L\u00fcftung Metall Solar und PV u.v.m. stehen f\u00fcr Ihre Belange zur Verf\u00fcgung. Nehmen Sie unverbindlich Kontakt auf. Kontakt<\/p>\n","protected":false},"author":2,"featured_media":0,"parent":0,"menu_order":0,"comment_status":"closed","ping_status":"closed","template":"","meta":{"footnotes":""},"class_list":["post-110","page","type-page","status-publish","hentry"],"_links":{"self":[{"href":"https:\/\/eno.team\/start\/wp-json\/wp\/v2\/pages\/110","targetHints":{"allow":["GET"]}}],"collection":[{"href":"https:\/\/eno.team\/start\/wp-json\/wp\/v2\/pages"}],"about":[{"href":"https:\/\/eno.team\/start\/wp-json\/wp\/v2\/types\/page"}],"author":[{"embeddable":true,"href":"https:\/\/eno.team\/start\/wp-json\/wp\/v2\/users\/2"}],"replies":[{"embeddable":true,"href":"https:\/\/eno.team\/start\/wp-json\/wp\/v2\/comments?post=110"}],"version-history":[{"count":20,"href":"https:\/\/eno.team\/start\/wp-json\/wp\/v2\/pages\/110\/revisions"}],"predecessor-version":[{"id":1428,"href":"https:\/\/eno.team\/start\/wp-json\/wp\/v2\/pages\/110\/revisions\/1428"}],"wp:attachment":[{"href":"https:\/\/eno.team\/start\/wp-json\/wp\/v2\/media?parent=110"}],"curies":[{"name":"wp","href":"https:\/\/api.w.org\/{rel}","templated":true}]}}